894?
2419
What is the greatest common factor of 11490 and 40701410?
3830
Calculate the greatest common divisor of 162806 and 1981.
7
Calculate the highest common divisor of 1189 and 2823219.
41
Calculate the highest common divisor of 72 and 234363.
3
What is the greatest common divisor of 756 and 20454?
42
What is the greatest common divisor of 235389 and 5313?
231
What is the highest common divisor of 36357 and 159?
3
What is the greatest common divisor of 510903 and 18846?
9
What is the greatest common factor of 7358649 and 94?
47
Calculate the highest common factor of 1005 and 23087195.
335
Calculate the greatest common divisor of 795 and 25107213.
159
Calculate the greatest common factor of 556 and 2767608.
4
What is the highest common divisor of 8908 and 1478990?
262
What is the greatest common divisor of 262426149 and 54?
27
What is the highest common divisor of 477828 and 63648?
468
Calculate the greatest common factor of 238360 and 303505.
505
What is the highest common factor of 284 and 56786723?
71
What is the greatest common divisor of 120 and 172398180?
60
Calculate the highest common factor of 3718 and 9727640.
338
Calculate the highest common divisor of 2662 and 220968.
22
What is the highest common divisor of 1037833731 and 561?
561
Calculate the highest common factor of 942 and 38920928.
314
What is the highest common divisor of 1 and 1148857?
1
Calculate the greatest common divisor of 30614511 and 402.
201
What is the greatest common factor of 10 and 349580?
10
Calculate the greatest common factor of 2301 and 8687691.
177
Calculate the highest common factor of 70352 and 642704.
16
Calculate the highest common divisor of 78 and 127447476.
78
Calculate the greatest common divisor of 298094522 and 22.
22
Calculate the greatest common factor of 9831811 and 15543.
1727
Calculate the greatest common factor of 181793 and 8453.
107
What is the highest common divisor of 54122433 and 549?
183
What is the highest common factor of 216 and 7818039?
27
Calculate the highest common divisor of 1113853526 and 332.
166
What is the greatest common divisor of 20381 and 85084?
89
What is the highest common divisor of 1594080 and 14596?
164
Calculate the highest common factor of 3448 and 168868386.
862
Calculate the highest common factor of 1272 and 28401640.
424
What is the greatest common divisor of 861 and 162354465?
861
What is the greatest common factor of 22 and 155791394?
22
Calculate the highest common factor of 2782576 and 64.
16
What is the highest common divisor of 429 and 9985131?
39
Calculate the highest common factor of 58688 and 84239288.
7336
Calculate the greatest common factor of 192 and 241176128.
64
What is the greatest common factor of 5767041 and 14?
7
What is the highest common factor of 802714 and 26015?
121
Calculate the greatest common divisor of 38993834 and 11.
11
What is the greatest common divisor of 1322896236 and 6?
6
Calculate the highest common divisor of 250 and 5544.
2
What is the highest common factor of 4580086 and 154?
14
What is the greatest common factor of 14007590 and 142?
142
What is the greatest common factor of 35163844 and 5933?
349
Calculate the greatest common divisor of 1701 and 578745.
81
What is the highest common factor of 779 and 106148877?
779
Calculate the highest common factor of 392 and 3689896.
392
What is the highest common divisor of 5904545 and 28681?
1247
What is the greatest common divisor of 25132 and 173605573?
6283
What is the highest common factor of 31878964 and 5678?
334
What is the greatest common divisor of 216090 and 591390?
90
What is the greatest common divisor of 45784187 and 75233?
3271
What is the greatest common divisor of 149483 and 6557?
83
What is the highest common factor of 4727 and 1799846?
163
Calculate the highest common divisor of 9 and 38213955.
9
Calculate the highest common factor of 157 and 66104536.
157
What is the greatest common divisor of 918748 and 204?
68
Calculate the greatest common factor of 1310 and 150980.
10
What is the highest common divisor of 2105370 and 28740?
30
What is the highest common divisor of 20 and 255278?
2
Calculate the greatest common factor of 845576673 and 1719.
573
Calculate the highest common divisor of 154 and 4881052.
22
Calculate the highest common factor of 56695050 and 1047.
1047
Calculate the highest common factor of 1698 and 262402977.
849
Calculate the highest common factor of 1359 and 50589.
9
What is the greatest common factor of 270 and 15832710?
90
Calculate the greatest common factor of 6919 and 25671932.
407
What is the highest common factor of 810 and 13982985?
45
Calculate the highest common divisor of 240374732 and 6136.
3068
Calculate the highest common divisor of 102016 and 24630488.
6376
What is the highest common divisor of 5 and 571534235?
5
Calculate the greatest common divisor of 233087 and 135949.
17
What is the greatest common factor of 76594290 and 267?
267
What is the greatest common divisor of 2783894 and 83429?
4391
Calculate the greatest common divisor of 11841672 and 1032.
24
What is the greatest common divisor of 2049700 and 244770?
1990
Calculate the highest common divisor of 8 and 501074.
2
What is the greatest common divisor of 18811325 and 39?
13
What is the greatest common divisor of 1456 and 2064881?
91
What is the highest common factor of 6357 and 3889995?
489
What is the highest common divisor of 285282 and 884022?
3522
Calculate the greatest common divisor of 237762 and 33642.
378
Calculate the greatest common factor of 2775384 and 9096.
24
What is the highest common divisor of 1315454 and 252154?
3038
What is the greatest common divisor of 44209 and 6941?
11
What is the greatest common divisor of 38311623 and 51611?
707
What is the highest common divisor of 113 and 4562?
1
What is the highest common divisor of 1280 and 3909380?
20
Calculate the highest common divisor of 409682 and 7280.
182
What is the highest common factor of 5699 and 41123?
41
Calculate the highest common divisor of 37866834 and 18.
18
What is the greatest common divisor of 469572 and 1515972?
1308
Calculate the highest common divisor of 36716461 and 3901.
83
Calculate the greatest common factor of 1471239 and 5929.
847
Calculate the greatest common divisor of 79990559 and 22627.
2057
What is the highest common divisor of 6298925 and 425?
425
What is the greatest common divisor of 17507 and 16434071?
2501
What is the highest common factor of 11 and 200030633?
11
Calculate the greatest common divisor of 1513 and 156976509.
89
What is the greatest common divisor of 3967828 and 128?
4
Calculate the greatest common divisor of 26222575 and 145.
5
What is the greatest common divisor of 7668217 and 1474?
67
What is the highest common factor of 188038 and 1238786?
298
Calculate the highest common factor of 215216 and 112.
16
Calculate the greatest common factor of 20 and 362610005.
5
What is the highest common divisor of 26815 and 50295425?
865
Calculate the greatest common factor of 23564 and 13700.
548
What is the greatest common divisor of 10664 and 11658418?
2666
Calculate the greatest common divisor of 9123975 and 15448.
1931
What is the highest common divisor of 2367 and 103072856?
263
Calculate the highest common factor of 1472 and 13717568.
1472
Calculate the greatest common factor of 31185 and 29414.
77
What is the greatest common factor of 575596 and 34076?
28
Calculate the greatest common factor of 663028236 and 4563.
1521
Calculate the highest common factor of 459 and 32160889.
17
Calculate the highest common divisor of 91 and 2170119.
7
Calculate the highest common factor of 11182768 and 50.
2
Calculate the highest common factor of 77216 and 294424.
152
What is the highest common divisor of 13318351 and 151?
151
What is the greatest common factor of 17680 and 36796240?
1040
What is the highest common factor of 3881172 and 1868088?
3372
What is the highest common factor of 78184 and 18096?
232
Calculate the highest common divisor of 84912 and 732183.
183
Calculate the greatest common factor of 54 and 95352678.
18
Calculate the greatest common factor of 510876 and 374256.
828
What is the greatest common factor of 462 and 151599?
21
What is the greatest common factor of 792409 and 1474?
67
What is the greates